0.
90
Calculate the greatest common factor of 22210 and 80.
10
What is the highest common divisor of 6955 and 3103?
107
Calculate the greatest common factor of 93 and 132959.
31
Calculate the greatest common divisor of 266 and 36043.
133
What is the highest common factor of 278752 and 8?
8
Calculate the highest common factor of 1815 and 30.
15
What is the greatest common factor of 214140 and 46812?
996
What is the greatest common factor of 1399841 and 2455?
491
Calculate the highest common factor of 438 and 432525.
219
What is the greatest common divisor of 3519 and 5083?
391
What is the greatest common divisor of 513120 and 160?
160
Calculate the greatest common divisor of 23400 and 50625.
225
What is the highest common factor of 6210 and 391?
23
Calculate the greatest common divisor of 916861 and 340.
17
Calculate the highest common factor of 8747613 and 1449.
1449
What is the greatest common factor of 28055 and 3069?
31
Calculate the greatest common factor of 110 and 1782.
22
Calculate the greatest common factor of 2268 and 11880.
108
Calculate the highest common divisor of 284515 and 385.
385
Calculate the highest common factor of 3286 and 62.
62
What is the highest common divisor of 109359 and 29?
29
Calculate the highest common divisor of 957 and 286407.
33
Calculate the highest common factor of 7425 and 14300.
275
What is the greatest common divisor of 140 and 2234890?
70
What is the greatest common divisor of 1038 and 1384?
346
What is the greatest common factor of 50135 and 7400?
185
What is the greatest common factor of 264 and 449064?
264
What is the highest common factor of 9140 and 5420?
20
Calculate the highest common divisor of 1840 and 115690.
230
What is the highest common factor of 77632 and 5344?
32
Calculate the greatest common factor of 22 and 134882.
22
What is the greatest common divisor of 265623 and 222?
111
Calculate the greatest common factor of 61110 and 805.
35
What is the greatest common divisor of 146 and 12191?
73
What is the highest common divisor of 28 and 607604?
4
Calculate the greatest common factor of 3 and 142971.
3
Calculate the greatest common factor of 28 and 77602.
14
What is the highest common divisor of 2771 and 37327?
163
Calculate the highest common factor of 235763 and 11.
11
What is the highest common factor of 105 and 715095?
15
What is the greatest common divisor of 3127 and 56339?
53
What is the highest common divisor of 400457 and 1?
1
What is the greatest common factor of 756808 and 2470?
494
Calculate the greatest common factor of 6210 and 52210.
230
What is the greatest common factor of 114 and 2310666?
114
Calculate the highest common divisor of 22 and 252186.
22
Calculate the greatest common factor of 14442 and 24534.
174
What is the highest common factor of 20 and 653060?
20
Calculate the highest common divisor of 71110 and 2600.
130
What is the highest common divisor of 66600 and 198?
18
What is the highest common factor of 9956 and 1140?
76
Calculate the highest common factor of 18 and 2168019.
9
Calculate the highest common factor of 403 and 338.
13
Calculate the greatest common divisor of 11008 and 2107.
43
Calculate the greatest common factor of 12 and 58244.
4
Calculate the greatest common divisor of 676 and 393094.
338
Calculate the highest common factor of 1440 and 295960.
40
What is the highest common factor of 79492 and 5712?
476
Calculate the greatest common divisor of 72 and 30897.
9
Calculate the greatest common factor of 205 and 1892150.
205
What is the greatest common factor of 31867 and 88?
11
What is the highest common factor of 1328 and 21746?
166
Calculate the highest common factor of 1704 and 244098.
426
Calculate the greatest common factor of 4860 and 420.
60
What is the highest common divisor of 10875 and 622775?
725
Calculate the greatest common factor of 51 and 72879.
51
Calculate the highest common divisor of 42 and 17066.
14
Calculate the highest common factor of 297 and 57882.
33
Calculate the highest common factor of 352 and 20768.
352
Calculate the highest common divisor of 226688 and 322.
322
What is the highest common factor of 37 and 5658188?
37
What is the highest common factor of 815 and 1319159?
163
What is the greatest common divisor of 112 and 1979096?
56
Calculate the highest common divisor of 2703 and 4369.
17
What is the greatest common divisor of 4722 and 30?
6
What is the greatest common factor of 29492 and 1212?
404
Calculate the highest common factor of 378 and 5251932.
378
Calculate the greatest common divisor of 23 and 757873.
23
What is the highest common divisor of 1116 and 7371?
9
Calculate the greatest common factor of 64 and 654880.
32
What is the highest common factor of 629 and 2907?
17
Calculate the highest common divisor of 5121 and 135.
9
What is the greatest common factor of 315 and 73920?
105
Calculate the highest common divisor of 1066 and 50184.
82
Calculate the highest common factor of 1782 and 54.
54
What is the highest common divisor of 999 and 13875?
111
Calculate the highest common factor of 2216 and 16.
8
Calculate the highest common factor of 1611 and 11456.
179
Calculate the greatest common factor of 135252 and 11388.
156
What is the greatest common factor of 45 and 50075?
5
Calculate the highest common divisor of 30 and 47400.
30
Calculate the highest common divisor of 31 and 1908391.
31
What is the highest common divisor of 99084 and 828?
276
What is the greatest common factor of 3 and 2520924?
3
Calculate the highest common factor of 10519 and 7379.
157
What is the highest common factor of 5684 and 1568?
196
What is the highest common divisor of 4704 and 25648?
112
Calculate the greatest common factor of 396 and 789624.
396
What is the highest common divisor of 2221124 and 212?
212
Calculate the highest common factor of 1946 and 8618.
278
What is the highest common divisor of 925 and 56800?
25
What is the highest common divisor of 9128 and 12208?
56
What is the greatest common factor of 2025 and 2075?
25
Calculate the greatest common factor of 949 and 13988.
13
Calculate the greatest common factor of 56168 and 826.
826
What is the greatest common factor of 5 and 127315?
5
What is the greatest common divisor of 12107193 and 21?
21
What is the highest common factor of 4553 and 8321?
157
Calculate the highest common divisor of 352098 and 12.
6
Calculate the highest common divisor of 75400 and 312.
104
Calculate the highest common factor of 70 and 51310.
70
Calculate the highest common divisor of 13 and 3249.
1
Calculate the greatest common divisor of 177216 and 26.
26
What is the highest common divisor of 2120965 and 110?
55
Calculate the highest common factor of 4309 and 8201.
139
What is the highest common factor of 174 and 5580006?
174
What is the greatest common divisor of 105203 and 399?
133
What is the highest common factor of 201 and 1849803?
201
Calculate the greatest common factor of 1532 and 1365778.
766
Calculate the highest common factor of 244 and 103188.
4
Calculate the highest common factor of 70579 and 652.
163
Calculate the greatest common divisor of 4089 and 783.
87
Calculate the greatest common divisor of 139 and 239219.
139
What is the greatest common factor of 404229 and 105?
21
Calculate the greatest common factor of 1058 and 534888.
46
What is the highest common factor of 337331 and 425?
17
What is the highest common divisor of 474 and 1466?
2
Calculate the highest common divisor of 427871 and 2734.
1367
What is the greatest common divisor of 710580 and 45?
15
What is the highest common factor of 84 and 247436?
28
What is the highest common divisor of 19043 and 4031?
139
Calculate the greatest common factor of 645 and 3405.
15
What is the highest common divisor of 12 and 101748?
12
What is the greatest common divisor of 283878 and 918?
54
Calculate the greatest common divisor of 1988 and 266.
14
Calculate the highest common divisor of 1000 and 29060.
20
Calculate the highest common divisor of 367122 and 42.
42
Calculate the highest common factor of 170879 and 107.
107
Calculate the highest common factor of 16714 and 1037.
61
What is the highest common divisor of 69 and 2875?
23
Calculate the greatest common divisor of 4208 and 234333.
263
What is the highest common factor of 23495 and 4445?
